he remainder when 289 is divided by 80.
49
Calculate the remainder when 886 is divided by 333.
220
What is the remainder when 874 is divided by 197?
86
What is the remainder when 477 is divided by 80?
77
What is the remainder when 556 is divided by 62?
60
Calculate the remainder when 74 is divided by 24.
2
What is the remainder when 1209 is divided by 101?
98
Calculate the remainder when 2769 is divided by 22.
19
Calculate the remainder when 1492 is divided by 30.
22
Calculate the remainder when 236 is divided by 14.
12
Calculate the remainder when 179 is divided by 91.
88
What is the remainder when 9 is divided by 4?
1
Calculate the remainder when 630 is divided by 300.
30
What is the remainder when 2843 is divided by 12?
11
Calculate the remainder when 2910 is divided by 32.
30
Calculate the remainder when 428 is divided by 20.
8
Calculate the remainder when 413 is divided by 120.
53
Calculate the remainder when 345 is divided by 53.
27
What is the remainder when 201 is divided by 86?
29
Calculate the remainder when 2197 is divided by 44.
41
What is the remainder when 946 is divided by 73?
70
Calculate the remainder when 103 is divided by 94.
9
Calculate the remainder when 8461 is divided by 39.
37
Calculate the remainder when 201 is divided by 77.
47
What is the remainder when 640 is divided by 38?
32
Calculate the remainder when 41 is divided by 14.
13
Calculate the remainder when 9439 is divided by 21.
10
Calculate the remainder when 119 is divided by 12.
11
What is the remainder when 1052 is divided by 36?
8
What is the remainder when 49 is divided by 3?
1
Calculate the remainder when 813 is divided by 11.
10
Calculate the remainder when 147 is divided by 15.
12
Calculate the remainder when 213 is divided by 66.
15
What is the remainder when 434 is divided by 63?
56
Calculate the remainder when 46941 is divided by 49.
48
What is the remainder when 361 is divided by 113?
22
What is the remainder when 960 is divided by 63?
15
What is the remainder when 166 is divided by 17?
13
Calculate the remainder when 768 is divided by 198.
174
What is the remainder when 805 is divided by 39?
25
Calculate the remainder when 1115 is divided by 270.
35
Calculate the remainder when 2488 is divided by 11.
2
Calculate the remainder when 748 is divided by 199.
151
Calculate the remainder when 594 is divided by 293.
8
Calculate the remainder when 698 is divided by 19.
14
What is the remainder when 779 is divided by 56?
51
What is the remainder when 283 is divided by 69?
7
Calculate the remainder when 22471 is divided by 11.
9
Calculate the remainder when 101 is divided by 43.
15
What is the remainder when 26 is divided by 9?
8
What is the remainder when 537 is divided by 9?
6
Calculate the remainder when 89 is divided by 29.
2
What is the remainder when 291 is divided by 23?
15
What is the remainder when 508 is divided by 17?
15
Calculate the remainder when 264 is divided by 74.
42
What is the remainder when 302 is divided by 73?
10
Calculate the remainder when 2971 is divided by 48.
43
What is the remainder when 1460 is divided by 86?
84
Calculate the remainder when 361 is divided by 94.
79
Calculate the remainder when 473 is divided by 4.
1
What is the remainder when 1486 is divided by 22?
12
What is the remainder when 3904 is divided by 46?
40
Calculate the remainder when 4001 is divided by 45.
41
What is the remainder when 68 is divided by 15?
8
Calculate the remainder when 446 is divided by 65.
56
Calculate the remainder when 73 is divided by 15.
13
Calculate the remainder when 123 is divided by 10.
3
Calculate the remainder when 124 is divided by 42.
40
What is the remainder when 2786 is divided by 906?
68
What is the remainder when 323 is divided by 41?
36
Calculate the remainder when 16903 is divided by 147.
145
Calculate the remainder when 13075 is divided by 89.
81
Calculate the remainder when 14361 is divided by 6.
3
Calculate the remainder when 26416 is divided by 51.
49
What is the remainder when 97 is divided by 16?
1
Calculate the remainder when 1903 is divided by 106.
101
What is the remainder when 724 is divided by 28?
24
What is the remainder when 320 is divided by 167?
153
What is the remainder when 2620 is divided by 35?
30
Calculate the remainder when 380 is divided by 16.
12
Calculate the remainder when 62 is divided by 18.
8
Calculate the remainder when 72 is divided by 51.
21
What is the remainder when 2285 is divided by 106?
59
What is the remainder when 829 is divided by 167?
161
What is the remainder when 212 is divided by 61?
29
Calculate the remainder when 931 is divided by 316.
299
Calculate the remainder when 182 is divided by 63.
56
Calculate the remainder when 585 is divided by 122.
97
What is the remainder when 839 is divided by 24?
23
What is the remainder when 81 is divided by 45?
36
What is the remainder when 173 is divided by 55?
8
What is the remainder when 3220 is divided by 357?
7
Calculate the remainder when 518 is divided by 10.
8
What is the remainder when 37 is divided by 16?
5
Calculate the remainder when 9858 is divided by 17.
15
What is the remainder when 655 is divided by 164?
163
What is the remainder when 252 is divided by 66?
54
What is the remainder when 5543 is divided by 94?
91
Calculate the remainder when 139 is divided by 28.
27
Calculate the remainder when 323 is divided by 112.
99
What is the remainder when 7531 is divided by 48?
43
What is the remainder when 14142 is divided by 115?
112
What is the remainder when 713 is divided by 17?
16
What is the remainder when 112 is divided by 5?
2
What is the remainder when 309 is divided by 26?
23
Calculate the remainder when 178 is divided by 94.
84
Calculate the remainder when 47081 is divided by 266.
265
Calculate the remainder when 185 is divided by 59.
8
Calculate the remainder when 265 is divided by 19.
18
Calculate the remainder when 3335 is divided by 1666.
3
Calculate the remainder when 201 is divided by 104.
97
What is the remainder when 5270 is divided by 16?
6
What is the remainder when 368 is divided by 96?
80
Calculate the remainder when 564 is divided by 5.
4
What is the remainder when 522 is divided by 129?
6
Calculate the remainder when 15752 is divided by 89.
88
What is the remainder when 2926 is divided by 109?
92
What is the remainder when 117 is divided by 6?
3
Calculate the remainder when 26843 is divided by 157.
153
Calculate the remainder when 1031 is divided by 107.
68
Calculate the remainder when 155 is divided by 77.
1
What is the remainder when 425 is divided by 107?
104
Calculate the remainder when 9177 is divided by 9.
6
What is the remainder when 202 is divided by 52?
46
Calculate the remainder when 314 is divided by 36.
26
Calculate the remainder when 184 is divided by 21.
16
What is the remainder when 667 is divided by 135?
127
What is the remainder when 73 is divided by 15?
13
Calculate the remainder when 1251 is divided by 415.
6
Calculate the remainder when 96 is divided by 27.
15
Calculate the remainder when 227 is divided by 114.
113
Calculate the remainder when 31 is divided by 22.
9
Calculate the remainder when 205 is divided by 199.
6
Calculate the remainder when 360 is divided by 100.
60
Calculate the remainder when 20006 is divided by 81.
80
What is the remainder when 81 is divided by 29?
23
What is the remainder when 142 is divided by 121?
21
What is the remainder when 708 is divided by 285?
138
Calculate the remainder when 202 is divided by 69.
64
What is the remainder when 359 is divided by 13?
8
What is the remainder when 443 is divided by 50?
43
Calculate the remainder when 219 is divided by 210.
9
What is the remainder when 1664 is divided by 1660?
4
Calculate the remainder when 772 is divided by 86.
84
What is the remainder when 40 is divided by 11?
7
What is the remainder when 171 is divided by 87?
84
Calculate the remainder when 2232 is divided by 29.
28
Calculate the remainder when 942 is divided by 61.
27
What is the remainder when 897 is divided by 282?
51
Calculate the remainder when 1346 is divided by 97.
85
What is the remainder when 585 is divided by 21?
18
What is the remainder when 611 is divided by 60?
11
Calculate the remainder when 1228 is divided by 208.
188
What is the remainder when 623 is